it of f?
7
Suppose -3*s = 2*s - 50. Let f be (-10)/(-4)*-2*-7. Suppose 5*y + s = f. What is the units digit of y?
5
Let t be (3/6)/((-4)/456*-3). Suppose 2*v + 7 = -15. Let l = v + t. What is the units digit of l?
8
What is the tens digit of (86/4)/(6/12)?
4
Let r be ((-25)/(-10))/(1/14). What is the units digit of (-60)/r*21/(-6)?
6
Suppose h = -4*o - 67, 0*o + 31 = -2*o - 3*h. Let f = 33 + o. What is the units digit of 2*(-4)/(f/(-14))?
7
Suppose 0 = -3*g + 7*g + 372. Let h = 65 + g. What is the units digit of 8/h + (-186)/(-14)?
3
Suppose -k = -3*k - 16. Let f = 14 + k. What is the units digit of f?
6
Suppose 0 = -0*c + c. Suppose c = d + n - 4, -3*d = -0*d - 4*n - 12. What is the units digit of d?
4
Let b(j) = j**3 + j**2 + j. Let s(p) = -7*p**3 - p**2 - 10*p + 1. Let v(d) = -6*b(d) - s(d). Let l be v(4). Let t = 2 + l. What is the units digit of t?
1
Let v(f) = -2*f + f**2 - f - 7*f - 4. Let a(c) = -c**2 + 9*c + 3. Let l(u) = -5*a(u) - 4*v(u). What is the units digit of l(5)?
1
What is the tens digit of (-2 + 1)*(-22 + 6)?
1
Suppose -d + 31 = 2*m - 48, 4*m = 5*d - 325. What is the units digit of d?
9
Suppose 2*m - 6*m = 0. Let u(l) = -l**2 + l + 15. Let h be u(m). Suppose h = 3*z + 2*z. What is the units digit of z?
3
Let c be (-75)/(-9) + 2/3. What is the units digit of (-87)/(-27) - 2/c?
3
Suppose 0 = 5*k + n + 95 + 33, 5*n = -4*k - 94. Let v = 36 + k. Suppose 2*c + 2 = 0, 4*c = l - v - 8. What is the tens digit of l?
1
Let n(d) = d**2 + 16*d + 23. What is the units digit of n(-15)?
8
Let a(c) = -c**3 + c**2 + 2. Let d be a(2). Let q = d - -5. Suppose -q = -4*x + 1. What is the units digit of x?
1
Suppose 0 = -3*w + 255 + 12. What is the units digit of w?
9
Let q = 8 - 5. Suppose 7*m = q*m. Suppose m = 2*k - 14 - 0. What is the units digit of k?
7
What is the tens digit of 2*67*3/6?
6
Let l = -6 - -12. Suppose -2*h = -l*h. Let v = h + 7. What is the units digit of v?
7
Suppose 4*i = 4*c + 24, 4*i - 3*c - 14 = -4*c. Suppose -5*r + z = -121, 16 = -i*r - 2*z + 110. What is the tens digit of r?
2
Let b be (3/9)/(3/(-63)). Let u = -2 - b. Suppose -u*k = 26 - 106. What is the tens digit of k?
1
What is the units digit of (-11)/44 + 105/4?
6
Let s(f) = f + 1. Let v be s(-2). Let m = -25 - -14. What is the tens digit of (m/v)/(1/1)?
1
Let t = -42 - -103. What is the tens digit of t?
6
Suppose 0 = 4*k + 2 - 10. What is the tens digit of 184/16 - 1/k?
1
Suppose 2 = -2*z - 4*n - 0*n, -n = 4*z - 10. Let y be -21 - (0 - (z + 0)). Let m = 0 - y. What is the tens digit of m?
1
Let u = -11 + 41. Suppose t + u = 4*t. Let w = t - 5. What is the units digit of w?
5
Let u be 88/(-6)*3/2. Suppose -18 = -3*w + 5*w. Let o = w - u. What is the tens digit of o?
1
Let b(q) = 9*q**2 + 3*q + 4. What is the tens digit of b(-3)?
7
Let k(v) = -v**3 - 15*v**2 - 13*v + 11. Let w be k(-14). What is the tens digit of 3/9 + (-98)/w?
3
What is the units digit of ((-265)/(-15))/(1/3)?
3
Suppose 2*i = n + 6*i - 98, -n - 3*i + 93 = 0. What is the tens digit of n?
7
Let k be (-20)/6*45/(-25). Let x = k - 0. What is the units digit of 402/24 - x/8?
6
Let i(w) = -w - 4. Let y = -4 - -12. Let j be (-4)/(-3)*(-36)/y. What is the units digit of i(j)?
2
Let n = 252 + -159. What is the units digit of n?
3
Let p(s) = s**2 - 7*s + 8. Let c be p(6). Suppose 0 = -k - m, k - 3*m - 6 = c*m. What is the units digit of k?
1
Let o be ((-6)/(-4))/((-1)/6). Let n = 1 - o. What is the units digit of (2/5)/(2/n)?
2
Let a be (-8)/(-36) + 58/(-18). What is the units digit of ((-6)/4)/(a/42)?
1
Let u(i) = i**3 - 3*i**2 - 2*i - 5. Let w be u(4). Suppose 0 = -w*s + 14 + 1. Suppose s*d = 0, z + d - 1 = -2*d. What is the units digit of z?
1
Suppose 2*m = i + 57, -8*i + 15 = -3*i. Suppose -m = -4*v + 10. What is the units digit of v?
0
What is the tens digit of 70/15*(-15)/(-2)?
3
Suppose 3*q + 2*q = 0. Suppose q = 3*u + 1 - 4. What is the units digit of u + 4 - (-3 - -5)?
3
Let m(f) = f**3 - 7*f**2 - 7*f - 1. What is the units digit of m(8)?
7
Suppose 4 = 4*b - 8. Suppose 4*p = -4*u + 2*u + 212, p = b*u + 39. What is the units digit of p?
1
Suppose 7 = 2*a + 3*a + 2*w, 0 = 3*a + 2*w - 1. What is the tens digit of -10*-2*(a - 2)?
2
Let l(d) = d**3 - 4*d**2 - 3. Let j be l(4). What is the tens digit of (13/2)/(j/(-6))?
1
Let f be (-15 - -81) + -1 + 2. Suppose 0*s - i - f = -2*s, -2*i = 2*s - 82. What is the units digit of s?
6
Suppose 4*k + 3 = -1. Let g = k + 5. Suppose 3*u + d = -g*d - 4, 0 = -2*u + 3*d + 29. What is the units digit of u?
7
Suppose p - 2*p = -5. Suppose -12 - 13 = -p*q. What is the units digit of q?
5
Let m(r) be the third derivative of 0*r + 1/6*r**3 + 0*r**4 + 0 + r**2 - 1/60*r**5 + 1/24*r**6. What is the units digit of m(1)?
5
Let k = 0 + 2. Suppose u - 63 = 6*u + 3*v, -k*v - 2 = 0. What is the units digit of (-1)/3 - 112/u?
9
Let x = 27 + 53. What is the units digit of x?
0
Suppose 5*o = 10 + 10. Suppose 2*c = 14 + o. What is the units digit of c?
9
Suppose -51 - 41 = -2*g. Suppose -4*b + 3*p - 28 = -p, -3*b - 2*p - g = 0. What is the units digit of 9/b - 19/(-4)?
4
Let k(j) be the first derivative of -2*j**2 - 9*j - 4. What is the units digit of k(-7)?
9
Suppose 8*g - 240 = 2*g. What is the tens digit of g?
4
Let l(b) = b**3 - 2*b**2 + 2*b + 2. Let q be 1 - (-2 - (-7 + -2)). Let t = q - -8. What is the units digit of l(t)?
6
Let z(k) = -5*k**2 - k - 7. Let x(y) = 9*y**2 + 2*y + 13. Let w(f) = 3*x(f) + 5*z(f). What is the tens digit of w(-3)?
1
Let k = 49 + -9. Suppose b = -b + k. What is the units digit of b?
0
Let j = 2 + 2. Let w be (j/10)/((-1)/(-5)). Suppose o = k - w*o - 17, 20 = -5*o. What is the units digit of k?
5
Suppose 10 = 5*s + 5*l, 3*s + 5 - 21 = 2*l. Suppose -q + s*q = -f + 23, 0 = -3*q - 5*f + 31. Let h = q + -4. What is the units digit of h?
3
Let k(m) = -m**2 + 12*m - 6. What is the units digit of k(8)?
6
Suppose -l - 2 + 17 = 0. Let c = l - -7. Suppose -4*k = 2 - c. What is the units digit of k?
5
What is the tens digit of (-12)/(-78) - 830/(-13)?
6
Suppose d + 4*d = 10. Let m be (-5)/d*(-8)/5. What is the units digit of 1/m - 15/(-4)?
4
Let w = 18 - 12. Let b be 4/w*36/8. Suppose -3*n - b*i = -24, 0 = -3*n - i - i + 21. What is the units digit of n?
5
Let z(a) = -a**3 - 6*a**2 + 3*a - 2. Suppose 3*l + p + 21 = 3*p, 21 = -3*l - 3*p. What is the tens digit of z(l)?
2
Let u = -209 + 445. What is the tens digit of u?
3
Suppose 10 - 1 = 3*c. Let z be ((-17)/c)/(2/(-6)). Suppose 0 = 5*s - 3*s + v - z, -2*v = -s + 6. What is the units digit of s?
8
Let a = 35 + -62. Let j = a + 40. Let t = 0 + j. What is the units digit of t?
3
Suppose 5*j + 12 = 117. Suppose 4*b = 0, -5*m + j + 29 = 3*b. What is the units digit of m?
0
Let a(o) = o**3 - 5*o**2 + 5*o + 1. Let s be a(4). Suppose -3*f + s*f = 12. What is the units digit of f?
6
Suppose 0 = -v - 3 + 39. Suppose 2*n - v = -0. What is the units digit of n?
8
Let d = -15 - -19. What is the units digit of ((-78)/d)/((-8)/16)?
9
Let c = 8 - 12. What is the units digit of (-1)/(-2) + (-62)/c?
6
Let c = 50 - 13. What is the units digit of c?
7
What is the units digit of -1*(-3 - (27 + -1))?
9
Suppose 17 = 3*b + 2. Suppose b*h - 10 = 2*h - 2*z, 0 = -z + 2. What is the units digit of h?
2
Suppose -2*k + 3*k - 20 = 0. What is the units digit of k?
0
Suppose 11 = 3*z - 1. Let m be 103/7 + z/14. What is the units digit of (0 + m)*(-1)/(-3)?
5
Let j(n) = -2*n**3 + 6*n**2 + 3*n - 1. Let f be j(7). What is the tens digit of (-4)/(-10) - f/20?
1
Let d be ((-28)/(-10) - 2)*25. Suppose 4*j + 0*j - d = 0. Suppose 0 = j*r - 4*i - 19, 2*r + 0*i - 5 = -i. What is the units digit of r?
3
Suppose 0 = -2*h - 3*h - 15. Let c = -3 - h. What is the units digit of (-6)/7*(c - 7)?
6
Let u(j) be the third derivative of j**5/60 - j**4/6 - j**2. Let s be u(4). Let v(m) = -m**2 + 3. What is the units digit of v(s)?
3
Suppose 0 = 3*q - 13 + 1. Suppose h + 3*b = q*h - 24, 0 = -h - 3*b + 24. What is the tens digit of h?
1
Let p(k) = -k**2 + 6*k + 1. Let q be p(5). Let u = q - 5. What is the units digit of u?
1
Suppose 328 + 161 = 3*l. What is the hundreds digit of l?
1
Let d be 2 + 1 + (0 - 0). Suppose 4 = d*z - 2. What is the units digit of z?
2
Suppose 6*f - 93 = 207. What is the tens digit of f?
5
Let q(m) = -m - 4. Let z be q(-7). Suppose 0 = z*n - 